1*2)/468).
2, 3, 7, 13
Let c = -14497 - -37669. What are the prime factors of c?
2, 3, 1931
Suppose 0 = -5*g + 35, 0 = w + g + 3114 - 22562. What are the prime factors of w?
19441
Let w(c) = -c**3 - 2*c**2 + 12*c + 2. Let f be w(-4). List the prime factors of 3 + f/6 - 2631/(-9).
293
List the prime factors of -3 - (-7)/2 - ((-1171755)/30 - -16).
39043
Let n = -8315 - -15438. List the prime factors of n.
17, 419
Let l(w) = 5*w - 13. Let z be l(-3). Let q be (z/1*6)/(-1*1). What are the prime factors of 4/(-1)*(-7)/(q/282)?
47
Suppose -53*s + 42302 = 591. Suppose 4*a - 6*r + 5*r - s = 0, 4*a - 2*r = 782. What are the prime factors of a?
2, 3, 11
Suppose 93573 = 39*x - 2*x. What are the prime factors of x?
3, 281
Let d(n) = -1066*n**3 + 3*n**2 + 2*n - 4. Let x be d(1). Let u = 1823 + x. What are the prime factors of u?
2, 379
Suppose 5*t + h = 19515, 0 = -2*t + 19*h - 22*h + 7819. List the prime factors of t.
2, 1951
Suppose -8153 = -10*l - 20463. Let k = 1943 + l. List the prime factors of k.
2, 89
Suppose -221 + 502 = y. Let w = y + -269. What are the prime factors of w?
2, 3
Let w(m) = 55*m**3 + 7*m**2 + 31*m - 204. List the prime factors of w(7).
3, 43, 149
Let j(t) = -20*t**3 + 5*t**2 + 6*t - 13. Let r be j(4). Let x = -75 - r. List the prime factors of x.
2, 557
Let m = -3880 + 14737. List the prime factors of m.
3, 7, 11, 47
Let w = -43 + 45. Suppose 4*l - 5 = -w*b + 5*l, 2*l = -3*b + 18. What are the prime factors of (-90)/b*(-12)/9?
2, 3, 5
What are the prime factors of (17/21 - (-40)/(-280))/((-3)/(-24426))?
2, 23, 59
Let u(z) be the first derivative of z**3/3 - 2*z**2 + 9. Let p be u(5). Suppose 4*f + 19 = p*g - 98, 15 = -5*f. What are the prime factors of g?
3, 7
Suppose 0 = -4*s + 5*z - 3, -1 - 7 = 5*s - 2*z. What are the prime factors of ((-321)/(-5))/(s/(-2*5))?
3, 107
Let s(o) = -11 - 1 + 2*o**2 + 7*o + 6*o - 2. Let n be s(-12). Let j = n - 56. List the prime factors of j.
2, 31
Let u(m) = 49 - 102 + 61 + 75 - 11*m. Suppose l - 5*y + 1 = 0, 56 = -3*l - 5*y - 27. List the prime factors of u(l).
2, 157
Let o be 4*1/(-2) - -6. Suppose -3*r = 20*k - 15*k - 4803, 5*k - 6409 = -o*r. List the prime factors of r.
2, 11, 73
Let v be (-46)/(-10) + 10/25. Suppose 5*k - 3*y = -6*y + 253, -v*y - 126 = -2*k. Suppose 0 = -29*g + 30*g - k. List the prime factors of g.
53
Let n(y) = -y**3 - 66*y**2 - 27*y + 300. List the prime factors of n(-66).
2, 3, 347
Let r(g) = -37*g + 26. Let q be r(-19). Suppose 0 = 725*f - q*f + 5264. What are the prime factors of f?
2, 7, 47
Let b = 293 - 413. What are the prime factors of (-36)/b*-5 + 101/2?
7
Let b = -7831 - -42518. List the prime factors of b.
34687
Suppose -5*f - 2 = 48. Let j be ((-5)/(-3))/(9/(-4 - 23)). Let k = j - f. List the prime factors of k.
5
Suppose -61*v + 1794210 + 1687853 = 0. List the prime factors of v.
13, 4391
Let s = 79814 - 38664. List the prime factors of s.
2, 5, 823
Suppose -82*k + 87*k - 2*f - 58061 = 0, 3*f - 6 = 0. What are the prime factors of k?
3, 7, 79
Let j be (0 - -16)*(18 + -17). Suppose -j*l + 5230 = -11*l. List the prime factors of l.
2, 523
Let v(j) = -657*j**2 - 9*j - 4. Let n be v(-1). Let p = 750 + n. List the prime factors of p.
2, 7
Suppose 26*l - 126899 = 59135 + 91932. What are the prime factors of l?
10691
Let c(i) = -5*i - 25. Let s be c(-6). Suppose -2*z + 4*h = -148, -z - 3*z = -s*h - 299. List the prime factors of z.
2, 19
Let z = -62 - 16. List the prime factors of 4/26 + (11766/z)/(-1).
151
Let l = -66 + 52. Let t = l - -11. What are the prime factors of 185/((-5)/(-1))*(0 - t)?
3, 37
Let a(m) = -m**2 + 17*m + 36. Let x be a(19). What are the prime factors of (33/4 + x)*(183 + -23)?
2, 5
Suppose 0 = 17*j + 8 - 25. What are the prime factors of 3*(0 + j) - (-8 - 318)?
7, 47
Let m = 31309 - 24719. List the prime factors of m.
2, 5, 659
Let w = 3251 - 2087. Suppose -4*x - w = -8*x. Suppose -5*y + 2*n = -4*y - 123, x = 2*y + 5*n. What are the prime factors of y?
7, 19
Suppose -5*u - 56 = -u. Suppose -2*v = 4, -3*o + 0*v - 3*v + 9 = 0. What are the prime factors of -3*o/30*u?
7
Suppose -2*w + 9 - 1 = 0. Let f be w/(-18) - (-12)/54. Suppose f = -2*l + 242 + 58. List the prime factors of l.
2, 3, 5
Suppose s - 4*s - 303 = 0. Let n be ((-1125)/5)/3 + (-2 - -8). Let x = n - s. What are the prime factors of x?
2
Let r(t) = t + 276. Let u be r(0). Suppose 3*i + u = 66. Let v = i - -73. What are the prime factors of v?
3
Let a(j) = -j + 16. Let g be a(11). Suppose 2*w - 1100 - 280 = -g*f, 2*f = -4*w + 2792. List the prime factors of w.
2, 5, 7
Suppose x - 9 + 8 = 0. What are the prime factors of 58*x*((-102)/(-12) - -1)?
19, 29
Let i be 1078/42 + 1 + (-3)/(-9). Suppose 25*f + 43 = x + i*f, -x = 5*f - 43. List the prime factors of x.
43
Let v(f) = f**3 + 28*f**2 - 2*f - 60. Let b be v(-28). What are the prime factors of (4/(-4))/(b - (-2071)/518)?
2, 7, 37
Suppose 71*n - 309322 + 50584 = 42*n. What are the prime factors of n?
2, 3, 1487
What are the prime factors of ((-5364)/(-14) + 0)/(23859/(-2387) + 10)?
2, 3, 31, 149
Let g be (-6*17/(-2))/(8/(-88)). Let k = -308 - g. Let c = k - 167. What are the prime factors of c?
2, 43
Let x(c) = -5*c - c**3 + 32 - 27 + 6*c**2 - c. Let b be x(5). Suppose -5*z - 5*v + 230 = b, -4*z + 3*z - 3*v + 52 = 0. What are the prime factors of z?
43
Suppose 7*u - 1229 = 948. Suppose -4*z = 3 - u. Suppose -y - 8 = -4*w - z, 148 = 2*y + 2*w. List the prime factors of y.
73
Let j be (-160)/(-25) + 9/15. Suppose 2*u - j = -3*u + 3*d, -d = -u + 1. List the prime factors of (112 - (-4)/(-2))*1/u.
5, 11
Let k(m) = -m - 1. Let x(y) = -49*y + 48. Let g(o) = -3*k(o) + x(o). List the prime factors of g(-7).
373
Let l(f) = 54*f - 369. Let j(c) = -29*c + 184. Let q(i) = 5*j(i) + 3*l(i). What are the prime factors of q(34)?
17, 23
Suppose z + 72 = 25*z. Suppose -4*s - z*l - 1 = 0, 0*l = l + 3. List the prime factors of s.
2
Suppose -8*i - 2127 = -72407. What are the prime factors of i?
5, 7, 251
Let k(w) = 66*w**3 - 5*w**2 - 49*w + 269. What are the prime factors of k(6)?
14051
Let z = -31 - -56. Let o(b) = z - b**3 - 6*b**2 - 10 - b - 2*b. What are the prime factors of o(-7)?
5, 17
What are the prime factors of (-3 - -5368)*(-19)/(-95)?
29, 37
Let n(o) = -o**2 + 2*o - 1. Let l be n(2). What are the prime factors of 2 + l - -495 - (-4 - -3)?
7, 71
Let n = -72624 - -122594. List the prime factors of n.
2, 5, 19, 263
Suppose o + 9 = 4*o. Let m be 0/(o/6*2). Suppose m = -z + 3*s + 268, -8*z + 3*s + 780 = -5*z. What are the prime factors of z?
2
Suppose -22784 - 177770 - 104681 = -119*k. What are the prime factors of k?
3, 5, 19
Suppose 28888 = 15*r + 3643. Suppose -12*n = -3*n - r. What are the prime factors of n?
11, 17
Let p = -202 + 205. What are the prime factors of p + (-2)/14 + (-3364)/(-28)?
3, 41
Let o = 11646 - -2262. What are the prime factors of o?
2, 3, 19, 61
Suppose -16 = -3*k + 2*n + 3*n, n + 5 = 0. Let x be ((-4)/6)/(4/k)*18. Let w = x + 93. List the prime factors of w.
2, 3, 17
Let u(l) = 5652*l**2 - 20*l + 21. Let k be u(1). Suppose -3*s + 4615 = -4*g + 376, 0 = 4*s - 5*g - k. List the prime factors of s.
13, 109
Let z(v) = 4*v - 20. Let o be z(5). Suppose -2*p - p + 48 = o. Suppose -48 = 12*u - p*u. What are the prime factors of u?
2, 3
Let o(s) = 101*s**2 - 2*s + 3. Let a(q) = -3 - 60*q**2 - 10*q - 8*q + 19*q - 41*q**2. Let c(v) = -6*a(v) - 5*o(v). What are the prime factors of c(-1)?
2, 5
Let y = 30 + -20. Let f be (-8)/80*4 - 2206/y. Let j = -129 - f. List the prime factors of j.
2, 23
Let y(m) = -599*m + 15. Suppose -4 = -8*j - 12. List the prime factors of y(j).
2, 307
Suppose 37*d = 40*d + 123. Let h(b) = -36*b + 6. Let c be h(-9). Let g = c + d. List the prime factors of g.
17
Let y = -7085 - -7518. What are the prime factors of y?
433
Let k = 19907 + -13083. What are the prime factors of k?
2, 853
Let v(z) = 14*z - 9*z - 8 + 6*z + 0*z - z**2. Let a be v(10). Suppose 0 = -a*x + l + 302, -2*l - 151 = -x + l. What are the prime factors of x?
151
Let i(t) = -2410*t - 3832. List the prime factors of i(-13).
2, 3, 4583
Let s be ((-1038)/4)/3*(5 - 7). Let n be (-2)/9 - s/(-9). Suppose -2*t + n = 5. What are the prime factors of t?
7
Let r(j) = -733*j - 5. Let h be r(1). What are the prime factors of -8 + 7 - -3 - h?
2, 5, 37
Supp